{"id":9,"date":"2024-03-28T10:18:24","date_gmt":"2024-03-28T10:18:24","guid":{"rendered":"https:\/\/satrancsever.com\/?page_id=9"},"modified":"2024-03-28T20:16:34","modified_gmt":"2024-03-28T20:16:34","slug":"projeler","status":"publish","type":"page","link":"https:\/\/satrancsever.com\/index.php\/projeler\/","title":{"rendered":"Projeler"},"content":{"rendered":"<p>Satran\u00e7severler olarak program\u0131m\u0131z dahilinde projeler \u00fcretiyoruz. \u0130lk projemiz 2021 y\u0131l\u0131nda ba\u015flatt\u0131\u011f\u0131m\u0131z satran\u00e7sever kafe projesidir. Satran\u00e7sever sanat, kad\u0131nlar i\u00e7in satran\u00e7 e\u011fitimleri, sa\u011f\u0131rlar i\u00e7in satran\u00e7 e\u011fitimleri y\u00fcr\u00fctm\u00fc\u015f oldu\u011fumuz di\u011fer projelerdir.<\/p>\n","protected":false},"excerpt":{"rendered":"<p>Satran\u00e7severler olarak program\u0131m\u0131z dahilinde projeler \u00fcretiyoruz. \u0130lk projemiz 2021 y\u0131l\u0131nda ba\u015flatt\u0131\u011f\u0131m\u0131z satran\u00e7sever kafe projesidir. Satran\u00e7sever sanat, kad\u0131nlar i\u00e7in satran\u00e7 e\u011fitimleri, sa\u011f\u0131rlar i\u00e7in satran\u00e7 e\u011fitimleri y\u00fcr\u00fctm\u00fc\u015f oldu\u011fumuz di\u011fer projelerdir.<\/p>\n","protected":false},"author":1,"featured_media":22,"parent":0,"menu_order":0,"comment_status":"closed","ping_status":"closed","template":"","meta":{"footnotes":""},"class_list":["post-9","page","type-page","status-publish","has-post-thumbnail","hentry"],"_links":{"self":[{"href":"https:\/\/satrancsever.com\/index.php\/wp-json\/wp\/v2\/pages\/9","targetHints":{"allow":["GET"]}}],"collection":[{"href":"https:\/\/satrancsever.com\/index.php\/wp-json\/wp\/v2\/pages"}],"about":[{"href":"https:\/\/satrancsever.com\/index.php\/wp-json\/wp\/v2\/types\/page"}],"author":[{"embeddable":true,"href":"https:\/\/satrancsever.com\/index.php\/wp-json\/wp\/v2\/users\/1"}],"replies":[{"embeddable":true,"href":"https:\/\/satrancsever.com\/index.php\/wp-json\/wp\/v2\/comments?post=9"}],"version-history":[{"count":3,"href":"https:\/\/satrancsever.com\/index.php\/wp-json\/wp\/v2\/pages\/9\/revisions"}],"predecessor-version":[{"id":98,"href":"https:\/\/satrancsever.com\/index.php\/wp-json\/wp\/v2\/pages\/9\/revisions\/98"}],"wp:featuredmedia":[{"embeddable":true,"href":"https:\/\/satrancsever.com\/index.php\/wp-json\/wp\/v2\/media\/22"}],"wp:attachment":[{"href":"https:\/\/satrancsever.com\/index.php\/wp-json\/wp\/v2\/media?parent=9"}],"curies":[{"name":"wp","href":"https:\/\/api.w.org\/{rel}","templated":true}]}}