{"id":529,"date":"2025-01-29T16:42:50","date_gmt":"2025-01-29T16:42:50","guid":{"rendered":"https:\/\/satrancsever.com\/?page_id=529"},"modified":"2025-02-04T12:23:27","modified_gmt":"2025-02-04T12:23:27","slug":"2025-lig-yonergesi","status":"publish","type":"page","link":"https:\/\/satrancsever.com\/index.php\/2025-lig-yonergesi\/","title":{"rendered":"2025 Y\u00d6NERGE"},"content":{"rendered":"<p>2025 L\u0130G Y\u00d6NERGES\u0130<\/p>\n<p>\u015eubat-Kas\u0131m 2025<\/p>\n<p>Ba\u015flang\u0131\u00e7 Tarihi: 23 \u015eubat<\/p>\n<p>ZAMAN KONTROL\u00dc: 30+03<\/p>\n<p>TAKIM SAYISI: 24<\/p>\n<p><img decoding=\"async\" src=\"https:\/\/satrancsever.com\/wp-content\/uploads\/2025\/02\/Basliksiz-57-300x300.jpeg\" alt=\"\" width=\"199\" height=\"199\" class=\"alignnone wp-image-549\" srcset=\"https:\/\/satrancsever.com\/wp-content\/uploads\/2025\/02\/Basliksiz-57-300x300.jpeg 300w, https:\/\/satrancsever.com\/wp-content\/uploads\/2025\/02\/Basliksiz-57-1024x1024.jpeg 1024w, https:\/\/satrancsever.com\/wp-content\/uploads\/2025\/02\/Basliksiz-57-150x150.jpeg 150w, https:\/\/satrancsever.com\/wp-content\/uploads\/2025\/02\/Basliksiz-57-768x768.jpeg 768w, https:\/\/satrancsever.com\/wp-content\/uploads\/2025\/02\/Basliksiz-57.jpeg 1080w\" sizes=\"(max-width: 199px) 100vw, 199px\" \/><\/p>\n<ol>\n<li>L\u0130G GRUP A\u015eAMASI VE F\u0130NAL A\u015eAMASI OLARAK 2 A\u015eAMADA TAMAMLANACAKTIR.<\/li>\n<li>TAKIMLAR GRUP A\u015eAMASINDA, \u00c7EK\u0130L\u0130\u015eLE ALTI\u015eARLI D\u00d6RT GRUBA AYRILACAKLAR VE TEK DEVREL\u0130 L\u0130G USUL\u00dcNDE 5 MA\u00c7 HAFTASI OYNAYACAKLARDIR. GRUPLARINDA \u0130LK \u00dc\u00c7E G\u0130REN TAKIMLAR F\u0130NAL GRUBUNDA YARI\u015eMAYA HAK KAZANACAKLARDIR.<\/li>\n<li>F\u0130NAL A\u015eAMASI 12 TAKIMLA TEK DEVREL\u0130 L\u0130G US\u00dcL\u00dcNDE OYNANACAKTIR.<\/li>\n<li>GRUP A\u015eAMASINI GE\u00c7EMEYEN TAKIMLARIN TALEB\u0130YLE KLASMAN GRUBU OLU\u015eTURULAB\u0130L\u0130R. GER\u00c7EKLE\u015eMES\u0130 HAL\u0130NDE KLASMAN GRUBU TEK DEVREL\u0130 L\u0130G US\u00dcL\u00dcNDE OYNANACAKTIR.<\/li>\n<li>TAKIMLAR 3 AS\u0130L 3 YEDEK OYUNCUDAN OLU\u015eUR. TAKIMLARIN YEDEK OYUNCU BULUNDURMA ZORUNLULU\u011eU YOKTUR, ANCAK TAKIMLAR EKS\u0130K MASAYLA OYNAMAK ZORUNDA KALAB\u0130LECEKLER\u0130NDEN YEDEK OYUNCU BULUNDURMAK TAVS\u0130YE ED\u0130LMEKTED\u0130R.<\/li>\n<li>TAKIMLAR YIL BOYUNCA BA\u015eKA TAKIMDA OYNAMAMI\u015e OYUNCULARI TRANSFER EDEB\u0130L\u0130RLER.<\/li>\n<li>OYUNCULAR YALNIZCA 1 TAKIMDA OYNAYAB\u0130L\u0130R.<\/li>\n<li>HER TAKIMDA 1 KAPTAN OLACAKTIR. KAPTAN, TAKIMIN TEMS\u0130LC\u0130S\u0130 OLARAK KAPTANLAR GRUBUNDA \u0130LET\u0130\u015e\u0130M\u0130 SA\u011eLAYACAK VE ORGAN\u0130ZASYONDA AKT\u0130F ROL ALACAK K\u0130\u015e\u0130D\u0130R. KAPTAN AYNI ZAMANDA OYUNCULARDAN B\u0130R\u0130S\u0130 OLAB\u0130L\u0130R.<\/li>\n<li>TAKIM KAPTANLARI BA\u015eKA B\u0130R TAKIMDA OYNAYAMAZ YA DA ONLARA KAPTANLIK EDEMEZ.<\/li>\n<li>HER MA\u00c7, 3 MASA \u00dcZER\u0130NDEN GER\u00c7EKLE\u015e\u0130R. TAKIMDAK\u0130 HER OYUNCU KAR\u015eI TAKIMDAN B\u0130R OYUNCU \u0130LE E\u015eLE\u015eECEKT\u0130R. E\u015eLEND\u0130RMEDE 1. YAZILAN TAKIMIN 1. VE 3.MASALARI BEYAZ, 2. OYUNCUSU S\u0130YAH RENKLE OYNAR.<\/li>\n<li>HER OYUNCU KAZAN\u00c7 \u0130\u00c7\u0130N 1, KAYIP \u0130\u00c7\u0130N 0 VE BERABERL\u0130K \u0130\u00c7\u0130N YARIM PUAN ALIR.<\/li>\n<li>B\u0130REYSEL MASA SONU\u00c7LARI TOPLANDIKTAN SONRA, 2 VE \u00dcST\u00dc MASA PUANI ALAN TAKIMLAR MA\u00c7I KAZANMI\u015e SAYILIRLAR. TAKIMLAR 1,5 MASA PUANI ALMALARI DURUMUNDA BERABERE KALMI\u015e OLURLAR. 1 VE ALTI MASA PUANI ALAN TAKIMLAR MA\u00c7I KAYBEDERLER.<\/li>\n<li>TAKIMLAR GAL\u0130B\u0130YET \u0130\u00c7\u0130N 3, BERABERL\u0130K \u0130\u00c7\u0130N 1, KAYIP \u0130\u00c7\u0130N 0 PUAN ALIRLAR.<\/li>\n<li>E\u015e\u0130TL\u0130K BOZMADA AVERAJ S\u0130STEM\u0130 OLARAK TOPLAM MASA PUANI KULLANILACAKTIR. H\u00dcKMEN GAL\u0130B\u0130YETLER TOPLAM MA\u00c7 PUANINA D\u00c2H\u0130L ED\u0130L\u0130R.<\/li>\n<li>GRUP A\u015eAMASINDA \u00dc\u00c7\u00dcNC\u00dcL\u00dc\u011e\u00dcN PAYLA\u015eILMASI VE TOPLAM MASA PUANININ AYNI OLMASI DURUMUNDA \u00d6NCE TAKIMLARIN KEND\u0130 ARALARINDA YAPTIKLARI MA\u00c7LARIN SONU\u00c7LARINA BAKILIR. E\u015e\u0130TL\u0130\u011e\u0130N BOZULMAMASI DURUMUNDA TAKIM SAYISINA G\u00d6RE EK MA\u00c7 YA DA TURNUVA OYNANIR.<\/li>\n<li>F\u0130NAL A\u015eAMASINDA \u00d6NCEL\u0130KL\u0130 AVERAJ S\u0130STEM\u0130 OLARAK TOPLAM MASA PUANI KULLANILACAKTIR. \u0130LK 3 SIRA \u0130\u00c7\u0130N E\u015e\u0130TL\u0130\u011e\u0130N TOPLAM MASA PUANI \u0130LE BOZULAMAMASI DURUMUNDA \u00d6NCE TAKIMLARIN KEND\u0130 ARALARINDA YAPTIKLARI MA\u00c7LARIN SONU\u00c7LARINA BAKILIR. E\u015e\u0130TL\u0130\u011e\u0130N BOZULMAMASI DURUMUNDA TAKIM SAYISINA G\u00d6RE EK MA\u00c7 YA DA TURNUVA OYNANIR.<\/li>\n<li>D\u0130\u011eER SIRALAR \u0130\u00c7\u0130N, AYNI PUANI VE TOPLAM MASA PUANI OLAN TAKIMLAR, AYNI DERECEY\u0130 ALMI\u015e SAYILIRLAR.<\/li>\n<li>GER\u00c7EKLE\u015eMES\u0130 DURUMUNDA KLASMAN GRUBUNDA E\u015e\u0130TL\u0130K BOZMADA TOPLAM MASA PUANI KULLANILIR. TOPLAM PUANI VE MASA PUANI AYNI OLAN TAKIMLAR AYNI DERECEY\u0130 ALMI\u015e SAYILIRLAR.<\/li>\n<li>9 MA\u00c7 OYNAMI\u015e OYUNCULARDAN Y\u00dcZDE PERFORMANSLARINA G\u00d6RE \u0130LK 3\u2019E G\u0130RENLER, L\u0130G SONUNDA \u00d6D\u00dcLLEND\u0130R\u0130L\u0130R. H\u00dcKMEN GAL\u0130B\u0130YETLER BU HESAPLAMALARDA KULLANILMAYACAKTIR. MASA AYRIMI G\u00d6ZET\u0130LMEYECEKT\u0130R.<\/li>\n<li>TAKIM KAPTANI B\u0130R DEFAYA MAHSUS OLMAK KAYDIYLA DE\u011e\u0130\u015eEB\u0130L\u0130R.<\/li>\n<li>TAKIM ADI B\u0130R DEFAYA MAHSUS OLMAK KAYDIYLA DE\u011e\u0130\u015eEB\u0130L\u0130R.<\/li>\n<li>GRUP VE F\u0130NAL A\u015eAMALARINDA 3 KEZ MA\u00c7A \u00c7IKMAYAN TAKIMLAR L\u0130GDEN D\u00dc\u015e\u00dcR\u00dcL\u00dcR.<\/li>\n<li>TAKIMLAR KEND\u0130 ARALARINDA ANLA\u015eARAK B\u0130R SONRAK\u0130 L\u0130G HAFTASINDAN \u00d6NCE TAMAMLANMAK KAYDIYLA, YIL BOYUNCA GRUP A\u015eAMASI VE F\u0130NAL DAH\u0130L OLMAK \u00dcZERE, TOPLAM 2 KEZ ERTELEME MA\u00c7I ORGAN\u0130ZE EDEB\u0130L\u0130RLER. TAKIMLAR ERTELEME MA\u00c7I OYNAMAYA ZORLANAMAZ. ERTELEME MA\u00c7ININ ERTELEMES\u0130 OLMAZ.<\/li>\n<li>ERTELEME MA\u00c7INA GELMEYEN YA DA B\u0130R SONRAK\u0130 L\u0130G MA\u00c7INDAN \u00d6NCE ERTELEME MA\u00c7INI TAMAMLAMAYAN TARAFLAR MA\u00c7I H\u00dcKMEN KAYBETM\u0130\u015e SAYILIRLAR.<\/li>\n<li>H\u00dcKMEN L\u0130GDEN D\u00dc\u015e\u00dcR\u00dcLEN TAKIMLARDAK\u0130 OYUNCULAR, \u015eARTLARI SA\u011eLAMALARI HAL\u0130NDE B\u0130REYSEL \u00d6D\u00dcLLERDEN MAHRUM BIRAKILAMAZ.<\/li>\n<li>H\u00dcKMEN L\u0130GDEN D\u00dc\u015e\u00dcR\u00dcLEN TAKIMLARDAK\u0130 OYUNCULAR, \u015eARTLARI SA\u011eLAMALARI HAL\u0130NDE B\u0130R SONRAK\u0130 YIL BA\u015eKA B\u0130R TAKIMDA OYNAYAB\u0130L\u0130R.<\/li>\n<li>TAKIM SIRALAMASI MA\u00c7LAR OYNANMADAN B\u0130R G\u00dcN \u00d6NCE SAAT 21\u2019E KADAR \u0130LET\u0130L\u0130R. TAKIM SIRALAMASINI \u0130LETMEYEN TAKIMLAR H\u00dcKMEN MA\u011eLUP SAYILIR. BU MADDE CEOP FAAL\u0130YETE GE\u00c7\u0130R\u0130L\u0130RSE \u015eU \u015eEK\u0130LDE DE\u011e\u0130\u015eT\u0130R\u0130LECEKT\u0130R: TAKIMLAR L\u0130STELER\u0130N\u0130 MA\u00c7 SAAT\u0130NDEN ONBE\u015e DAK\u0130KA \u00d6NCE CEOP \u00dcZER\u0130NDEN G\u00d6NDERECEKLERD\u0130R.<\/li>\n<li>E\u011eER TAKIMDA EKS\u0130K VARSA, TAKIMLAR OYUNCU DE\u011e\u0130\u015e\u0130KL\u0130\u011e\u0130 YAPAB\u0130L\u0130RLER. VER\u0130LM\u0130\u015e L\u0130STEDEK\u0130 OYUNCULAR ARASINDA MASA DE\u011e\u0130\u015e\u0130KL\u0130\u011e\u0130 YAPILAMAZ. (CEOP FAAL\u0130YETE GE\u00c7ERSE BU MADDE KALDIRILACAKTIR.)<\/li>\n<li>MA\u00c7LAR SATRAN\u00c7SEVER KAFELERDE OYNANACAKTIR.<\/li>\n<li>TAKIMLARIN \u00d6NER\u0130S\u0130YLE B\u0130R OYUNCUYA CENT\u0130LMENL\u0130K \u00d6D\u00dcL\u00dc VER\u0130L\u0130R.<\/li>\n<li>\u0130T\u0130RAZ DE\u011eERLEND\u0130RME VE KARAR MERC\u0130\u0130 KAPTANLAR KURULUDUR.<\/li>\n<li>GEREKL\u0130 G\u00d6R\u00dcLMES\u0130 DURUMUNDA SEZON \u0130\u00c7\u0130NDE KAPTANLAR KURULU KARARIYLA Y\u00d6NERGEDE DE\u011e\u0130\u015e\u0130KL\u0130K YAPILAB\u0130L\u0130R.<\/li>\n<\/ol>\n","protected":false},"excerpt":{"rendered":"<p>2025 L\u0130G Y\u00d6NERGES\u0130 \u015eubat-Kas\u0131m 2025 Ba\u015flang\u0131\u00e7 Tarihi: 23 \u015eubat ZAMAN KONTROL\u00dc: 30+03 TAKIM SAYISI: 24 L\u0130G GRUP A\u015eAMASI VE F\u0130NAL A\u015eAMASI OLARAK 2 A\u015eAMADA TAMAMLANACAKTIR. TAKIMLAR GRUP A\u015eAMASINDA, \u00c7EK\u0130L\u0130\u015eLE ALTI\u015eARLI D\u00d6RT GRUBA AYRILACAKLAR VE TEK DEVREL\u0130 L\u0130G USUL\u00dcNDE 5 MA\u00c7 HAFTASI OYNAYACAKLARDIR. GRUPLARINDA \u0130LK \u00dc\u00c7E G\u0130REN TAKIMLAR F\u0130NAL GRUBUNDA YARI\u015eMAYA [&hellip;]<\/p>\n","protected":false},"author":1,"featured_media":0,"parent":0,"menu_order":0,"comment_status":"closed","ping_status":"closed","template":"","meta":{"footnotes":""},"class_list":["post-529","page","type-page","status-publish","hentry"],"_links":{"self":[{"href":"https:\/\/satrancsever.com\/index.php\/wp-json\/wp\/v2\/pages\/529","targetHints":{"allow":["GET"]}}],"collection":[{"href":"https:\/\/satrancsever.com\/index.php\/wp-json\/wp\/v2\/pages"}],"about":[{"href":"https:\/\/satrancsever.com\/index.php\/wp-json\/wp\/v2\/types\/page"}],"author":[{"embeddable":true,"href":"https:\/\/satrancsever.com\/index.php\/wp-json\/wp\/v2\/users\/1"}],"replies":[{"embeddable":true,"href":"https:\/\/satrancsever.com\/index.php\/wp-json\/wp\/v2\/comments?post=529"}],"version-history":[{"count":4,"href":"https:\/\/satrancsever.com\/index.php\/wp-json\/wp\/v2\/pages\/529\/revisions"}],"predecessor-version":[{"id":555,"href":"https:\/\/satrancsever.com\/index.php\/wp-json\/wp\/v2\/pages\/529\/revisions\/555"}],"wp:attachment":[{"href":"https:\/\/satrancsever.com\/index.php\/wp-json\/wp\/v2\/media?parent=529"}],"curies":[{"name":"wp","href":"https:\/\/api.w.org\/{rel}","templated":true}]}}