{"id":466,"date":"2024-10-15T07:23:56","date_gmt":"2024-10-15T07:23:56","guid":{"rendered":"https:\/\/satrancsever.com\/?page_id=466"},"modified":"2024-10-15T07:39:07","modified_gmt":"2024-10-15T07:39:07","slug":"2024-lig-yonergesi","status":"publish","type":"page","link":"https:\/\/satrancsever.com\/index.php\/2024-lig-yonergesi\/","title":{"rendered":"2024 L\u0130G Y\u00d6NERGES\u0130"},"content":{"rendered":"<p>SATRAN\u00c7SEVER KAFE ANKARA TAKIMLAR L\u0130G\u0130 2024<\/p>\n<p>ZAMAN KONTROL\u00dc: 30+03<\/p>\n<p>TAKIMLAR 3 AS\u0130L 3 YEDEK OYUNCUDAN OLU\u015eUR. TAKIMLARIN YEDEK OYUNCU BULUNDURMA ZORUNLULU\u011eU YOKTUR, ANCAK TAKIMLAR EKS\u0130K MASAYLA OYNAMAK ZORUNDA KALAB\u0130LECEKLER\u0130NDEN YEDEK OYUNCU BULUNDURMAK TAVS\u0130YE ED\u0130LMEKTED\u0130R.<\/p>\n<p>TAKIMLAR YIL BOYUNCA BA\u015eKA TAKIMDA OYNAMAMI\u015e OYUNCULARI TRANSFER EDEB\u0130L\u0130RLER.<\/p>\n<p>OYUNCULAR YALNIZCA 1 TAKIMDA OYNAYAB\u0130L\u0130R.<\/p>\n<p>HER TAKIMDA 1 KAPTAN OLACAKTIR. KAPTAN, TAKIMIN TEMS\u0130LC\u0130S\u0130 OLARAK SATRAN\u00c7SEVERLER DERNE\u011e\u0130 \u0130LE \u0130LET\u0130\u015e\u0130M\u0130 SA\u011eLAYACAK VE ORGAN\u0130ZASYONDA AKT\u0130F ROL ALACAK K\u0130\u015e\u0130D\u0130R. KAPTAN AYNI ZAMANDA OYUNCULARDAN B\u0130R\u0130S\u0130 OLAB\u0130L\u0130R.<\/p>\n<p>HER MA\u00c7, 3 MASA \u00dcZER\u0130NDEN GER\u00c7EKLE\u015e\u0130R. TAKIMDAK\u0130 HER OYUNCU KAR\u015eI TAKIMDAN B\u0130R OYUNCU \u0130LE E\u015eLE\u015eECEKT\u0130R. E\u015eLEND\u0130RMEDE 1. YAZILAN TAKIMIN 1. VE 3.MASALARI BEYAZ, 2. OYUNCUSU S\u0130YAH RENKLE OYNAR.<\/p>\n<p>HER OYUNCU KAZAN\u00c7 \u0130\u00c7\u0130N 1, KAYIP \u0130\u00c7\u0130N 0 VE BERABERL\u0130K \u0130\u00c7\u0130N YARIM PUAN ALIR.<\/p>\n<p>B\u0130REYSEL MASA SONU\u00c7LARI TOPLANDIKTAN SONRA, 2 VE \u00dcST\u00dc MASA PUANI ALAN TAKIMLAR MA\u00c7I KAZANMI\u015e SAYILIRLAR. TAKIMLAR 1,5 MASA PUANI ALMALARI DURUMUNDA BERABERE KALMI\u015e OLURLAR. 1 VE ALTI MASA PUANI ALAN TAKIMLAR MA\u00c7I KAYBEDERLER.<\/p>\n<p>TAKIMLAR GAL\u0130B\u0130YET \u0130\u00c7\u0130N 3, BERABERL\u0130K \u0130\u00c7\u0130N 1, KAYIP \u0130\u00c7\u0130N 0 PUAN ALIRLAR.<\/p>\n<p>B\u0130R\u0130NC\u0130L\u0130\u011e\u0130N \u0130K\u0130 TAKIM ARASINDA PAYLA\u015eILMASI DURUMUNDA EK MA\u00c7, DAHA FAZLA TAKIM ARASINDA PAYLA\u015eILMASI DURUMUNDA, TAKIMLAR ARASINDA TURNUVA YAPILIR.<\/p>\n<p>D\u0130\u011eER DERECELER \u0130\u00c7\u0130N E\u015e\u0130TL\u0130K BOZMADA TOPLAM MASA PUANI KULLANILIR. TOPLAM MASA PUANI HESAPLAMALARINDA H\u00dcKMEN GAL\u0130B\u0130YETLER TOPLAMA DAH\u0130L ED\u0130L\u0130R. TOPLAM MASA PUANIN AYNI OLMASI DURUMUNDA TAKIMLAR AYNI DERECEY\u0130 ALMI\u015e SAYILIR.<\/p>\n<p>HER B\u0130R MASADA EN AZ 9 MA\u00c7 OYNAMI\u015e OYUNCULARDAN Y\u00dcZDE PERFORMANSLARINA G\u00d6RE \u0130LK 3\u2019E G\u0130RENLER, L\u0130G SONUNDA \u00d6D\u00dcLLEND\u0130R\u0130L\u0130R. H\u00dcKMEN GAL\u0130B\u0130YETLER BU HESAPLAMALARDA KULLANILMAYACAKTIR.<\/p>\n<p>TAKIM KAPTANI B\u0130R DEFAYA MAHSUS OLMAK KAYDIYLA DE\u011e\u0130\u015eEB\u0130L\u0130R.<\/p>\n<p>TAKIM ADI B\u0130R DEFAYA MAHSUS OLMAK KAYDIYLA DE\u011e\u0130\u015eEB\u0130L\u0130R.<\/p>\n<p>TAKIM KAPTANLARI BA\u015eKA B\u0130R TAKIMDA OYNAYAMAZ YA DA ONLARA KAPTANLIK EDEMEZ.<\/p>\n<p>3 KEZ MA\u00c7A \u00c7IKMAYAN TAKIMLAR L\u0130GDEN D\u00dc\u015e\u00dcR\u00dcL\u00dcR.<\/p>\n<p>TAKIMLAR KEND\u0130 ARALARINDA ANLA\u015eARAK B\u0130R SONRAK\u0130 L\u0130G HAFTASINDAN \u00d6NCE TAMAMLANMAK KAYDIYLA ERTELEME MA\u00c7I ORGAN\u0130ZE EDEB\u0130L\u0130RLER.<\/p>\n<p>H\u00dcKMEN L\u0130GDEN D\u00dc\u015e\u00dcR\u00dcLEN TAKIMLARDAK\u0130 OYUNCULAR, \u015eARTLARI SA\u011eLAMALARI HAL\u0130NDE B\u0130REYSEL \u00d6D\u00dcLLERDEN MAHRUM BIRAKILAMAZ.<\/p>\n<p>H\u00dcKMEN L\u0130GDEN D\u00dc\u015e\u00dcR\u00dcLEN TAKIMLARDAK\u0130 OYUNCULAR, \u015eARTLARI SA\u011eLAMALARI HAL\u0130NDE B\u0130R SONRAK\u0130 YIL BA\u015eKA B\u0130R TAKIMDA OYNAYAB\u0130L\u0130R.<\/p>\n<p>TAKIM SIRALAMASI MA\u00c7LAR OYNANMADAN B\u0130R G\u00dcN \u00d6NCE SAAT 21\u2019E KADAR ORGAN\u0130ZASYONA \u0130LET\u0130L\u0130R. TAKIM SIRALAMASINI \u0130LETMEYEN TAKIMLAR H\u00dcKMEN MA\u011eLUP SAYILIR.<\/p>\n<p>E\u011eER TAKIMDA EKS\u0130K VARSA, TAKIMLAR YIL \u0130\u00c7\u0130NDE 3 KEZ OYUNCU DE\u011e\u0130\u015e\u0130KL\u0130\u011e\u0130 DE\u011e\u0130\u015e\u0130KL\u0130\u011e\u0130 YAPAB\u0130L\u0130RLER. VER\u0130LM\u0130\u015e L\u0130STEDEK\u0130 OYUNCULAR ARASINDA MASA DE\u011e\u0130\u015e\u0130KL\u0130\u011e\u0130 YAPILAMAZ.<\/p>\n<p>MA\u00c7LAR SATRAN\u00c7SEVER KAFELERDE OYNANACAKTIR.<\/p>\n<p>GEREKL\u0130 G\u00d6R\u00dcLMES\u0130 DURUMUNDA SEZON \u0130\u00c7\u0130NDE Y\u00d6NERGEDE DE\u011e\u0130\u015e\u0130KL\u0130K YAPILAB\u0130L\u0130R.<\/p>\n","protected":false},"excerpt":{"rendered":"<p>SATRAN\u00c7SEVER KAFE ANKARA TAKIMLAR L\u0130G\u0130 2024 ZAMAN KONTROL\u00dc: 30+03 TAKIMLAR 3 AS\u0130L 3 YEDEK OYUNCUDAN OLU\u015eUR. TAKIMLARIN YEDEK OYUNCU BULUNDURMA ZORUNLULU\u011eU YOKTUR, ANCAK TAKIMLAR EKS\u0130K MASAYLA OYNAMAK ZORUNDA KALAB\u0130LECEKLER\u0130NDEN YEDEK OYUNCU BULUNDURMAK TAVS\u0130YE ED\u0130LMEKTED\u0130R. TAKIMLAR YIL BOYUNCA BA\u015eKA TAKIMDA OYNAMAMI\u015e OYUNCULARI TRANSFER EDEB\u0130L\u0130RLER. OYUNCULAR YALNIZCA 1 TAKIMDA OYNAYAB\u0130L\u0130R. HER TAKIMDA [&hellip;]<\/p>\n","protected":false},"author":1,"featured_media":0,"parent":0,"menu_order":0,"comment_status":"closed","ping_status":"closed","template":"","meta":{"footnotes":""},"class_list":["post-466","page","type-page","status-publish","hentry"],"_links":{"self":[{"href":"https:\/\/satrancsever.com\/index.php\/wp-json\/wp\/v2\/pages\/466","targetHints":{"allow":["GET"]}}],"collection":[{"href":"https:\/\/satrancsever.com\/index.php\/wp-json\/wp\/v2\/pages"}],"about":[{"href":"https:\/\/satrancsever.com\/index.php\/wp-json\/wp\/v2\/types\/page"}],"author":[{"embeddable":true,"href":"https:\/\/satrancsever.com\/index.php\/wp-json\/wp\/v2\/users\/1"}],"replies":[{"embeddable":true,"href":"https:\/\/satrancsever.com\/index.php\/wp-json\/wp\/v2\/comments?post=466"}],"version-history":[{"count":5,"href":"https:\/\/satrancsever.com\/index.php\/wp-json\/wp\/v2\/pages\/466\/revisions"}],"predecessor-version":[{"id":473,"href":"https:\/\/satrancsever.com\/index.php\/wp-json\/wp\/v2\/pages\/466\/revisions\/473"}],"wp:attachment":[{"href":"https:\/\/satrancsever.com\/index.php\/wp-json\/wp\/v2\/media?parent=466"}],"curies":[{"name":"wp","href":"https:\/\/api.w.org\/{rel}","templated":true}]}}