{"id":46,"date":"2024-03-28T14:02:26","date_gmt":"2024-03-28T14:02:26","guid":{"rendered":"https:\/\/satrancsever.com\/?page_id=46"},"modified":"2024-10-10T11:31:23","modified_gmt":"2024-10-10T11:31:23","slug":"fikstur","status":"publish","type":"page","link":"https:\/\/satrancsever.com\/index.php\/fikstur\/","title":{"rendered":"F\u0130KST\u00dcR"},"content":{"rendered":"<p><a href=\"https:\/\/satrancsever.com\/wp-content\/uploads\/2024\/03\/1.-Hafta.pdf\">1. Hafta<\/a> IF Sokak Tepe Prime Oynand\u0131<\/p>\n<p><a href=\"https:\/\/satrancsever.com\/wp-content\/uploads\/2024\/03\/2.Hafta_.pdf\">2.Hafta<\/a> If Sokak Tepe Prime Oynand\u0131<\/p>\n<p><a href=\"https:\/\/satrancsever.com\/wp-content\/uploads\/2024\/03\/3.Hafta_.pdf\">3.Hafta<\/a> If Sokak Tunus Oynand\u0131<\/p>\n<p><a href=\"https:\/\/satrancsever.com\/wp-content\/uploads\/2024\/03\/4.-Hafta.pdf\">4. Hafta<\/a> If Sokak Tunus Oynand\u0131<\/p>\n<p><a href=\"https:\/\/satrancsever.com\/wp-content\/uploads\/2024\/03\/5.-Hafta.pdf\">5. Hafta<\/a> If Sokak Tunus 28.04.2024 12.00 Oynand\u0131<\/p>\n<p><a href=\"https:\/\/satrancsever.com\/wp-content\/uploads\/2024\/03\/6.-Hafta.pdf\">6. Hafta<\/a> If Sokak Tunus 28.04.2024 13.30 Oynand\u0131<\/p>\n<p><a href=\"https:\/\/satrancsever.com\/wp-content\/uploads\/2024\/05\/7.-Hafta.pdf\">7. Hafta<\/a> If Sokak Tepe Prime 12.05.2024 12.00 Oynand\u0131<\/p>\n<p><a href=\"https:\/\/satrancsever.com\/wp-content\/uploads\/2024\/05\/8.-Hafta.pdf\">8. Hafta<\/a> If Sokak Tepe Prime 12.05.2024 13.40 Oynand\u0131<\/p>\n<p><a href=\"https:\/\/satrancsever.com\/wp-content\/uploads\/2024\/05\/9.-Hafta.pdf\">9. Hafta<\/a> 2 Haziran 2024 If Sokak Tunus 12.00 Oynand\u0131<\/p>\n<p><a href=\"https:\/\/satrancsever.com\/wp-content\/uploads\/2024\/05\/10.-Hafta.pdf\">10. Hafta<\/a> 2 Haziran 2024 If Sokak Tunus 13.30 Oynand\u0131<\/p>\n<p><a href=\"https:\/\/satrancsever.com\/wp-content\/uploads\/2024\/09\/11.-Hafta.pdf\">11. Hafta<\/a> 22 Eyl\u00fcl If Sokak Tepe Prime 12.00 Oynand\u0131<\/p>\n<p><a href=\"https:\/\/satrancsever.com\/wp-content\/uploads\/2024\/09\/12.-Hafta.pdf\">12. Hafta<\/a> 22 Eyl\u00fcl If Sokak Tepe Prime 13.30 Oynand\u0131<\/p>\n<p><a href=\"https:\/\/satrancsever.com\/wp-content\/uploads\/2024\/09\/13.-Hafta.pdf\">13. Hafta<\/a> 29 Eyl\u00fcl If Sokak Tunus 12.00 Oynand\u0131<\/p>\n<p><a href=\"https:\/\/satrancsever.com\/wp-content\/uploads\/2024\/09\/14.-Hafta.pdf\">14. Hafta<\/a> 29 Eyl\u00fcl If Sokak Tunus 13.30 Oynand\u0131<\/p>\n<p><a href=\"https:\/\/satrancsever.com\/wp-content\/uploads\/2024\/10\/15.-Hafta.pdf\">15. Hafta<\/a> 13 Ekim If Sokak S\u00f6\u011f\u00fct\u00f6z\u00fc 11.00<\/p>\n<p><a href=\"https:\/\/satrancsever.com\/wp-content\/uploads\/2024\/10\/16.-Hafta.pdf\">16. Hafta<\/a> 13 Ekim If Sokak S\u00f6\u011f\u00fct\u00f6z\u00fc 12.30<\/p>\n<p><a href=\"https:\/\/satrancsever.com\/wp-content\/uploads\/2024\/10\/17.-Hafta.pdf\">17. Hafta<\/a> 13 Ekim If Sokak S\u00f6\u011f\u00fct\u00f6z\u00fc 14.00<\/p>\n<p>&nbsp;<\/p>\n<p>&nbsp;<\/p>\n<p>&nbsp;<\/p>\n","protected":false},"excerpt":{"rendered":"<p>1. Hafta IF Sokak Tepe Prime Oynand\u0131 2.Hafta If Sokak Tepe Prime Oynand\u0131 3.Hafta If Sokak Tunus Oynand\u0131 4. Hafta If Sokak Tunus Oynand\u0131 5. Hafta If Sokak Tunus 28.04.2024 12.00 Oynand\u0131 6. Hafta If Sokak Tunus 28.04.2024 13.30 Oynand\u0131 7. Hafta If Sokak Tepe Prime 12.05.2024 12.00 Oynand\u0131 8. [&hellip;]<\/p>\n","protected":false},"author":1,"featured_media":13,"parent":0,"menu_order":0,"comment_status":"closed","ping_status":"closed","template":"","meta":{"footnotes":""},"class_list":["post-46","page","type-page","status-publish","has-post-thumbnail","hentry"],"_links":{"self":[{"href":"https:\/\/satrancsever.com\/index.php\/wp-json\/wp\/v2\/pages\/46","targetHints":{"allow":["GET"]}}],"collection":[{"href":"https:\/\/satrancsever.com\/index.php\/wp-json\/wp\/v2\/pages"}],"about":[{"href":"https:\/\/satrancsever.com\/index.php\/wp-json\/wp\/v2\/types\/page"}],"author":[{"embeddable":true,"href":"https:\/\/satrancsever.com\/index.php\/wp-json\/wp\/v2\/users\/1"}],"replies":[{"embeddable":true,"href":"https:\/\/satrancsever.com\/index.php\/wp-json\/wp\/v2\/comments?post=46"}],"version-history":[{"count":7,"href":"https:\/\/satrancsever.com\/index.php\/wp-json\/wp\/v2\/pages\/46\/revisions"}],"predecessor-version":[{"id":454,"href":"https:\/\/satrancsever.com\/index.php\/wp-json\/wp\/v2\/pages\/46\/revisions\/454"}],"wp:featuredmedia":[{"embeddable":true,"href":"https:\/\/satrancsever.com\/index.php\/wp-json\/wp\/v2\/media\/13"}],"wp:attachment":[{"href":"https:\/\/satrancsever.com\/index.php\/wp-json\/wp\/v2\/media?parent=46"}],"curies":[{"name":"wp","href":"https:\/\/api.w.org\/{rel}","templated":true}]}}