{"id":457,"date":"2024-10-14T10:02:03","date_gmt":"2024-10-14T10:02:03","guid":{"rendered":"https:\/\/satrancsever.com\/?page_id=457"},"modified":"2024-10-25T12:32:46","modified_gmt":"2024-10-25T12:32:46","slug":"2024-siralama","status":"publish","type":"page","link":"https:\/\/satrancsever.com\/index.php\/2024-siralama\/","title":{"rendered":"2024 SIRALAMA"},"content":{"rendered":"<p>17 Hafta sonunda e\u015f puanla birincili\u011fi payla\u015fan FYAKADEM\u0130 ve EN PASSANT aras\u0131nda \u015fampiyonluk ma\u00e7\u0131 oynand\u0131. Kazanan 3-0 ve 2-1&#8217;lik sonu\u00e7larla <strong>Fyakademi<\/strong> oldu.<\/p>\n<table xmlns=\"http:\/\/www.w3.org\/1999\/xhtml\" cellspacing=\"0\" cellpadding=\"0\" dir=\"ltr\" border=\"1\" data-sheets-root=\"1\" data-sheets-baot=\"1\">\n<colgroup>\n<col width=\"36\" \/>\n<col width=\"191\" \/>\n<col width=\"37\" \/>\n<col width=\"37\" \/>\n<col width=\"37\" \/>\n<col width=\"38\" \/>\n<col width=\"60\" \/>\n<col width=\"55\" \/><\/colgroup>\n<tbody>\n<tr>\n<td>S\u0131ra<\/td>\n<td>Tak\u0131m<\/td>\n<td>O<\/td>\n<td>G<\/td>\n<td>B<\/td>\n<td>M<\/td>\n<td>Puan<\/td>\n<td>TMP<\/td>\n<\/tr>\n<tr>\n<td>1<\/td>\n<td>FYAKADEM\u0130<\/td>\n<td>17<\/td>\n<td>12<\/td>\n<td>5<\/td>\n<td>0<\/td>\n<td>41<\/td>\n<td>39.5<\/td>\n<\/tr>\n<tr>\n<td>2<\/td>\n<td>EN PASSANT<\/td>\n<td>17<\/td>\n<td>13<\/td>\n<td>2<\/td>\n<td>2<\/td>\n<td>41<\/td>\n<td>38.5<\/td>\n<\/tr>\n<tr>\n<td>3<\/td>\n<td>5 YILDIZ<\/td>\n<td>17<\/td>\n<td>12<\/td>\n<td>4<\/td>\n<td>1<\/td>\n<td>40<\/td>\n<td>41.5<\/td>\n<\/tr>\n<tr>\n<td>4<\/td>\n<td>MAGICIANS FROM ANKARA<\/td>\n<td>17<\/td>\n<td>12<\/td>\n<td>4<\/td>\n<td>1<\/td>\n<td>40<\/td>\n<td>40.5<\/td>\n<\/tr>\n<tr>\n<td>5<\/td>\n<td>ETL\u0130KG\u00dcC\u00dc<\/td>\n<td>17<\/td>\n<td>12<\/td>\n<td>2<\/td>\n<td>3<\/td>\n<td>38<\/td>\n<td>35.0<\/td>\n<\/tr>\n<tr>\n<td>6<\/td>\n<td>K\u00d6RLEME SATRAN\u00c7<\/td>\n<td>17<\/td>\n<td>10<\/td>\n<td>1<\/td>\n<td>6<\/td>\n<td>31<\/td>\n<td>31.5<\/td>\n<\/tr>\n<tr>\n<td>7<\/td>\n<td>GE\u00c7ER P\u0130YONLAR<\/td>\n<td>17<\/td>\n<td>9<\/td>\n<td>4<\/td>\n<td>4<\/td>\n<td>31<\/td>\n<td>28.0<\/td>\n<\/tr>\n<tr>\n<td>8<\/td>\n<td>MORPHY KANUNU<\/td>\n<td>17<\/td>\n<td>9<\/td>\n<td>0<\/td>\n<td>8<\/td>\n<td>27<\/td>\n<td>29.0<\/td>\n<\/tr>\n<tr>\n<td>9<\/td>\n<td>YEN\u0130 TAKIM<\/td>\n<td>17<\/td>\n<td>8<\/td>\n<td>1<\/td>\n<td>8<\/td>\n<td>25<\/td>\n<td>23.0<\/td>\n<\/tr>\n<tr>\n<td>10<\/td>\n<td>CAISSA<\/td>\n<td>17<\/td>\n<td>7<\/td>\n<td>2<\/td>\n<td>8<\/td>\n<td>23<\/td>\n<td>24.0<\/td>\n<\/tr>\n<tr>\n<td>11<\/td>\n<td>ATA F\u0130L<\/td>\n<td>17<\/td>\n<td>7<\/td>\n<td>1<\/td>\n<td>9<\/td>\n<td>22<\/td>\n<td>26.5<\/td>\n<\/tr>\n<tr>\n<td>12<\/td>\n<td>GE\u00c7ER P\u0130YON<\/td>\n<td>17<\/td>\n<td>6<\/td>\n<td>3<\/td>\n<td>8<\/td>\n<td>21<\/td>\n<td>26.0<\/td>\n<\/tr>\n<tr>\n<td>13<\/td>\n<td>YOFCG<\/td>\n<td>17<\/td>\n<td>5<\/td>\n<td>1<\/td>\n<td>11<\/td>\n<td>16<\/td>\n<td>17.5<\/td>\n<\/tr>\n<tr>\n<td>14<\/td>\n<td>GAMB\u0130T LOVERS<\/td>\n<td>17<\/td>\n<td>5<\/td>\n<td>0<\/td>\n<td>12<\/td>\n<td>15<\/td>\n<td>13.5<\/td>\n<\/tr>\n<tr>\n<td>15<\/td>\n<td>BO\u015eTA \u00c7ATAL YOK<\/td>\n<td>17<\/td>\n<td>4<\/td>\n<td>1<\/td>\n<td>12<\/td>\n<td>13<\/td>\n<td>16.0<\/td>\n<\/tr>\n<tr>\n<td>16<\/td>\n<td>MATE MEN<\/td>\n<td>17<\/td>\n<td>4<\/td>\n<td>0<\/td>\n<td>13<\/td>\n<td>12<\/td>\n<td>15.5<\/td>\n<\/tr>\n<tr>\n<td>17<\/td>\n<td>ANZEK<\/td>\n<td>17<\/td>\n<td>2<\/td>\n<td>0<\/td>\n<td>15<\/td>\n<td>6<\/td>\n<td>8.0<\/td>\n<\/tr>\n<tr>\n<td>18<\/td>\n<td>HAYRAT<\/td>\n<td>17<\/td>\n<td>0<\/td>\n<td>1<\/td>\n<td>16<\/td>\n<td>1<\/td>\n<td>5.5<\/td>\n<\/tr>\n<\/tbody>\n<\/table>\n<p>&nbsp;<\/p>\n","protected":false},"excerpt":{"rendered":"<p>17 Hafta sonunda e\u015f puanla birincili\u011fi payla\u015fan FYAKADEM\u0130 ve EN PASSANT aras\u0131nda \u015fampiyonluk ma\u00e7\u0131 oynand\u0131. Kazanan 3-0 ve 2-1&#8217;lik sonu\u00e7larla Fyakademi oldu. S\u0131ra Tak\u0131m O G B M Puan TMP 1 FYAKADEM\u0130 17 12 5 0 41 39.5 2 EN PASSANT 17 13 2 2 41 38.5 3 5 YILDIZ [&hellip;]<\/p>\n","protected":false},"author":1,"featured_media":0,"parent":0,"menu_order":0,"comment_status":"closed","ping_status":"closed","template":"","meta":{"footnotes":""},"class_list":["post-457","page","type-page","status-publish","hentry"],"_links":{"self":[{"href":"https:\/\/satrancsever.com\/index.php\/wp-json\/wp\/v2\/pages\/457","targetHints":{"allow":["GET"]}}],"collection":[{"href":"https:\/\/satrancsever.com\/index.php\/wp-json\/wp\/v2\/pages"}],"about":[{"href":"https:\/\/satrancsever.com\/index.php\/wp-json\/wp\/v2\/types\/page"}],"author":[{"embeddable":true,"href":"https:\/\/satrancsever.com\/index.php\/wp-json\/wp\/v2\/users\/1"}],"replies":[{"embeddable":true,"href":"https:\/\/satrancsever.com\/index.php\/wp-json\/wp\/v2\/comments?post=457"}],"version-history":[{"count":4,"href":"https:\/\/satrancsever.com\/index.php\/wp-json\/wp\/v2\/pages\/457\/revisions"}],"predecessor-version":[{"id":484,"href":"https:\/\/satrancsever.com\/index.php\/wp-json\/wp\/v2\/pages\/457\/revisions\/484"}],"wp:attachment":[{"href":"https:\/\/satrancsever.com\/index.php\/wp-json\/wp\/v2\/media?parent=457"}],"curies":[{"name":"wp","href":"https:\/\/api.w.org\/{rel}","templated":true}]}}