{"id":42,"date":"2024-03-28T13:44:00","date_gmt":"2024-03-28T13:44:00","guid":{"rendered":"https:\/\/satrancsever.com\/?page_id=42"},"modified":"2024-04-02T11:09:59","modified_gmt":"2024-04-02T11:09:59","slug":"satrancsever-sanat","status":"publish","type":"page","link":"https:\/\/satrancsever.com\/index.php\/satrancsever-sanat\/","title":{"rendered":"SATRAN\u00c7SEVER SANAT"},"content":{"rendered":"<p>Satran\u00e7sever Sanat projesi kapsam\u0131nda<\/p>\n<ol>\n<li>Sapiens Yay\u0131nevi ile birlikte satran\u00e7 temal\u0131 \u00f6yk\u00fc yar\u0131\u015fmas\u0131 d\u00fczenledik. Yar\u0131\u015fmaya 60 ki\u015fi \u00f6yk\u00fcleriyle ba\u015fvuruda bulundu. Yar\u0131\u015fmada se\u00e7ilen ilk 10 eser Sapiens Yay\u0131nevi taraf\u0131ndan kitapla\u015ft\u0131r\u0131ld\u0131.<\/li>\n<li>Yapay zeka destekli resim yar\u0131\u015fmas\u0131 d\u00fczenledik. Dereceye giren eserler 2023 final yar\u0131\u015fmas\u0131nda sergilendi.<\/li>\n<li>T\u00fcrkiye&#8217;nin \u00f6nde gelen ressamlar\u0131n\u0131n satran\u00e7 temal\u0131 resimler yapmalar\u0131n\u0131 sa\u011flad\u0131k.<\/li>\n<li>Final yar\u0131\u015fmalar\u0131m\u0131z m\u00fczik dinletisi e\u015fli\u011finde oynand\u0131.<\/li>\n<\/ol>\n","protected":false},"excerpt":{"rendered":"<p>Satran\u00e7sever Sanat projesi kapsam\u0131nda Sapiens Yay\u0131nevi ile birlikte satran\u00e7 temal\u0131 \u00f6yk\u00fc yar\u0131\u015fmas\u0131 d\u00fczenledik. Yar\u0131\u015fmaya 60 ki\u015fi \u00f6yk\u00fcleriyle ba\u015fvuruda bulundu. Yar\u0131\u015fmada se\u00e7ilen ilk 10 eser Sapiens Yay\u0131nevi taraf\u0131ndan kitapla\u015ft\u0131r\u0131ld\u0131. Yapay zeka destekli resim yar\u0131\u015fmas\u0131 d\u00fczenledik. Dereceye giren eserler 2023 final yar\u0131\u015fmas\u0131nda sergilendi. T\u00fcrkiye&#8217;nin \u00f6nde gelen ressamlar\u0131n\u0131n satran\u00e7 temal\u0131 resimler yapmalar\u0131n\u0131 sa\u011flad\u0131k. [&hellip;]<\/p>\n","protected":false},"author":1,"featured_media":44,"parent":0,"menu_order":0,"comment_status":"closed","ping_status":"closed","template":"","meta":{"footnotes":""},"class_list":["post-42","page","type-page","status-publish","has-post-thumbnail","hentry"],"_links":{"self":[{"href":"https:\/\/satrancsever.com\/index.php\/wp-json\/wp\/v2\/pages\/42","targetHints":{"allow":["GET"]}}],"collection":[{"href":"https:\/\/satrancsever.com\/index.php\/wp-json\/wp\/v2\/pages"}],"about":[{"href":"https:\/\/satrancsever.com\/index.php\/wp-json\/wp\/v2\/types\/page"}],"author":[{"embeddable":true,"href":"https:\/\/satrancsever.com\/index.php\/wp-json\/wp\/v2\/users\/1"}],"replies":[{"embeddable":true,"href":"https:\/\/satrancsever.com\/index.php\/wp-json\/wp\/v2\/comments?post=42"}],"version-history":[{"count":2,"href":"https:\/\/satrancsever.com\/index.php\/wp-json\/wp\/v2\/pages\/42\/revisions"}],"predecessor-version":[{"id":302,"href":"https:\/\/satrancsever.com\/index.php\/wp-json\/wp\/v2\/pages\/42\/revisions\/302"}],"wp:featuredmedia":[{"embeddable":true,"href":"https:\/\/satrancsever.com\/index.php\/wp-json\/wp\/v2\/media\/44"}],"wp:attachment":[{"href":"https:\/\/satrancsever.com\/index.php\/wp-json\/wp\/v2\/media?parent=42"}],"curies":[{"name":"wp","href":"https:\/\/api.w.org\/{rel}","templated":true}]}}