{"id":341,"date":"2024-04-05T12:40:22","date_gmt":"2024-04-05T12:40:22","guid":{"rendered":"https:\/\/satrancsever.com\/?page_id=341"},"modified":"2024-04-19T09:32:26","modified_gmt":"2024-04-19T09:32:26","slug":"2024-fotograf-sergisi","status":"publish","type":"page","link":"https:\/\/satrancsever.com\/index.php\/2024-fotograf-sergisi\/","title":{"rendered":"2024 FOTO\u011eRAF SERG\u0130S\u0130"},"content":{"rendered":"\n\t\t<style type=\"text\/css\">\n\t\t\t#gallery-1 {\n\t\t\t\tmargin: auto;\n\t\t\t}\n\t\t\t#gallery-1 .gallery-item {\n\t\t\t\tfloat: left;\n\t\t\t\tmargin-top: 10px;\n\t\t\t\ttext-align: center;\n\t\t\t\twidth: 33%;\n\t\t\t}\n\t\t\t#gallery-1 img {\n\t\t\t\tborder: 2px solid #cfcfcf;\n\t\t\t}\n\t\t\t#gallery-1 .gallery-caption {\n\t\t\t\tmargin-left: 0;\n\t\t\t}\n\t\t\t\/* see gallery_shortcode() in wp-includes\/media.php *\/\n\t\t<\/style>\n\t\t<div id='gallery-1' class='gallery galleryid-341 gallery-columns-3 gallery-size-thumbnail'><dl class='gallery-item'>\n\t\t\t<dt class='gallery-icon landscape'>\n\t\t\t\t<a href='https:\/\/satrancsever.com\/index.php\/2024-fotograf-sergisi\/zest-18-04\/'><img decoding=\"async\" width=\"150\" height=\"150\" src=\"https:\/\/satrancsever.com\/wp-content\/uploads\/2024\/04\/Zest-18.04-150x150.jpg\" class=\"attachment-thumbnail size-thumbnail\" alt=\"\" aria-describedby=\"gallery-1-383\" \/><\/a>\n\t\t\t<\/dt>\n\t\t\t\t<dd class='wp-caption-text gallery-caption' id='gallery-1-383'>\n\t\t\t\tZest 18.04.2024\n\t\t\t\t<\/dd><\/dl><dl class='gallery-item'>\n\t\t\t<dt class='gallery-icon landscape'>\n\t\t\t\t<a href='https:\/\/satrancsever.com\/index.php\/2024-fotograf-sergisi\/whatsapp-gorsel-2024-04-05-saat-14-48-28_73d5f36d\/'><img decoding=\"async\" width=\"150\" height=\"150\" src=\"https:\/\/satrancsever.com\/wp-content\/uploads\/2024\/04\/WhatsApp-Gorsel-2024-04-05-saat-14.48.28_73d5f36d-150x150.jpg\" class=\"attachment-thumbnail size-thumbnail\" alt=\"\" aria-describedby=\"gallery-1-342\" \/><\/a>\n\t\t\t<\/dt>\n\t\t\t\t<dd class='wp-caption-text gallery-caption' id='gallery-1-342'>\n\t\t\t\tSapiens Kitap Lansman\n\t\t\t\t<\/dd><\/dl><dl class='gallery-item'>\n\t\t\t<dt class='gallery-icon landscape'>\n\t\t\t\t<a href='https:\/\/satrancsever.com\/index.php\/2024-fotograf-sergisi\/whatsapp-gorsel-2024-04-05-saat-14-59-18_cb5a9a96\/'><img decoding=\"async\" width=\"150\" height=\"150\" src=\"https:\/\/satrancsever.com\/wp-content\/uploads\/2024\/04\/WhatsApp-Gorsel-2024-04-05-saat-14.59.18_cb5a9a96-150x150.jpg\" class=\"attachment-thumbnail size-thumbnail\" alt=\"\" aria-describedby=\"gallery-1-349\" \/><\/a>\n\t\t\t<\/dt>\n\t\t\t\t<dd class='wp-caption-text gallery-caption' id='gallery-1-349'>\n\t\t\t\tIf Sokak Tepe Prime\n\t\t\t\t<\/dd><\/dl><br style=\"clear: both\" \/><dl class='gallery-item'>\n\t\t\t<dt class='gallery-icon portrait'>\n\t\t\t\t<a href='https:\/\/satrancsever.com\/index.php\/2024-fotograf-sergisi\/whatsapp-gorsel-2024-04-05-saat-14-49-00_057f79c3\/'><img loading=\"lazy\" decoding=\"async\" width=\"150\" height=\"150\" src=\"https:\/\/satrancsever.com\/wp-content\/uploads\/2024\/04\/WhatsApp-Gorsel-2024-04-05-saat-14.49.00_057f79c3-150x150.jpg\" class=\"attachment-thumbnail size-thumbnail\" alt=\"\" aria-describedby=\"gallery-1-343\" \/><\/a>\n\t\t\t<\/dt>\n\t\t\t\t<dd class='wp-caption-text gallery-caption' id='gallery-1-343'>\n\t\t\t\tUnite  Korhan K\u0131l\u0131\u00e7\n\t\t\t\t<\/dd><\/dl><dl class='gallery-item'>\n\t\t\t<dt class='gallery-icon landscape'>\n\t\t\t\t<a href='https:\/\/satrancsever.com\/index.php\/2024-fotograf-sergisi\/whatsapp-gorsel-2024-04-05-saat-15-00-32_3bab2d27\/'><img loading=\"lazy\" decoding=\"async\" width=\"150\" height=\"150\" src=\"https:\/\/satrancsever.com\/wp-content\/uploads\/2024\/04\/WhatsApp-Gorsel-2024-04-05-saat-15.00.32_3bab2d27-150x150.jpg\" class=\"attachment-thumbnail size-thumbnail\" alt=\"\" aria-describedby=\"gallery-1-344\" \/><\/a>\n\t\t\t<\/dt>\n\t\t\t\t<dd class='wp-caption-text gallery-caption' id='gallery-1-344'>\n\t\t\t\tOrenda\n\t\t\t\t<\/dd><\/dl><dl class='gallery-item'>\n\t\t\t<dt class='gallery-icon landscape'>\n\t\t\t\t<a href='https:\/\/satrancsever.com\/index.php\/2024-fotograf-sergisi\/whatsapp-gorsel-2024-02-14-saat-11-23-30_8f462ba4\/'><img loading=\"lazy\" decoding=\"async\" width=\"150\" height=\"150\" src=\"https:\/\/satrancsever.com\/wp-content\/uploads\/2024\/04\/WhatsApp-Gorsel-2024-02-14-saat-11.23.30_8f462ba4-150x150.jpg\" class=\"attachment-thumbnail size-thumbnail\" alt=\"\" aria-describedby=\"gallery-1-345\" \/><\/a>\n\t\t\t<\/dt>\n\t\t\t\t<dd class='wp-caption-text gallery-caption' id='gallery-1-345'>\n\t\t\t\tTrt\n\t\t\t\t<\/dd><\/dl><br style=\"clear: both\" \/><dl class='gallery-item'>\n\t\t\t<dt class='gallery-icon portrait'>\n\t\t\t\t<a href='https:\/\/satrancsever.com\/index.php\/2024-fotograf-sergisi\/whatsapp-gorsel-2024-04-05-saat-14-58-20_931f3934\/'><img loading=\"lazy\" decoding=\"async\" width=\"150\" height=\"150\" src=\"https:\/\/satrancsever.com\/wp-content\/uploads\/2024\/04\/WhatsApp-Gorsel-2024-04-05-saat-14.58.20_931f3934-150x150.jpg\" class=\"attachment-thumbnail size-thumbnail\" alt=\"\" aria-describedby=\"gallery-1-346\" \/><\/a>\n\t\t\t<\/dt>\n\t\t\t\t<dd class='wp-caption-text gallery-caption' id='gallery-1-346'>\n\t\t\t\tLig 1. Hafta\n\t\t\t\t<\/dd><\/dl><dl class='gallery-item'>\n\t\t\t<dt class='gallery-icon landscape'>\n\t\t\t\t<a href='https:\/\/satrancsever.com\/index.php\/2024-fotograf-sergisi\/whatsapp-gorsel-2024-02-08-saat-16-41-08_f0407693\/'><img loading=\"lazy\" decoding=\"async\" width=\"150\" height=\"150\" src=\"https:\/\/satrancsever.com\/wp-content\/uploads\/2024\/04\/WhatsApp-Gorsel-2024-02-08-saat-16.41.08_f0407693-150x150.jpg\" class=\"attachment-thumbnail size-thumbnail\" alt=\"\" aria-describedby=\"gallery-1-347\" \/><\/a>\n\t\t\t<\/dt>\n\t\t\t\t<dd class='wp-caption-text gallery-caption' id='gallery-1-347'>\n\t\t\t\tKvassir\n\t\t\t\t<\/dd><\/dl><dl class='gallery-item'>\n\t\t\t<dt class='gallery-icon landscape'>\n\t\t\t\t<a href='https:\/\/satrancsever.com\/index.php\/2024-fotograf-sergisi\/whatsapp-gorsel-2024-04-05-saat-14-53-59_1c9c0507\/'><img loading=\"lazy\" decoding=\"async\" width=\"150\" height=\"150\" src=\"https:\/\/satrancsever.com\/wp-content\/uploads\/2024\/04\/WhatsApp-Gorsel-2024-04-05-saat-14.53.59_1c9c0507-150x150.jpg\" class=\"attachment-thumbnail size-thumbnail\" alt=\"\" aria-describedby=\"gallery-1-348\" \/><\/a>\n\t\t\t<\/dt>\n\t\t\t\t<dd class='wp-caption-text gallery-caption' id='gallery-1-348'>\n\t\t\t\tIf Sokak Tunus \n\t\t\t\t<\/dd><\/dl><br style=\"clear: both\" \/><dl class='gallery-item'>\n\t\t\t<dt class='gallery-icon landscape'>\n\t\t\t\t<a href='https:\/\/satrancsever.com\/index.php\/2024-fotograf-sergisi\/whatsapp-gorsel-2024-04-05-saat-14-56-43_5ea17f61\/'><img loading=\"lazy\" decoding=\"async\" width=\"150\" height=\"150\" src=\"https:\/\/satrancsever.com\/wp-content\/uploads\/2024\/04\/WhatsApp-Gorsel-2024-04-05-saat-14.56.43_5ea17f61-150x150.jpg\" class=\"attachment-thumbnail size-thumbnail\" alt=\"\" aria-describedby=\"gallery-1-350\" \/><\/a>\n\t\t\t<\/dt>\n\t\t\t\t<dd class='wp-caption-text gallery-caption' id='gallery-1-350'>\n\t\t\t\tUnite\n\t\t\t\t<\/dd><\/dl><dl class='gallery-item'>\n\t\t\t<dt class='gallery-icon landscape'>\n\t\t\t\t<a href='https:\/\/satrancsever.com\/index.php\/2024-fotograf-sergisi\/whatsapp-gorsel-2024-04-05-saat-14-47-27_75ac5819\/'><img loading=\"lazy\" decoding=\"async\" width=\"150\" height=\"150\" src=\"https:\/\/satrancsever.com\/wp-content\/uploads\/2024\/04\/WhatsApp-Gorsel-2024-04-05-saat-14.47.27_75ac5819-150x150.jpg\" class=\"attachment-thumbnail size-thumbnail\" alt=\"\" aria-describedby=\"gallery-1-354\" \/><\/a>\n\t\t\t<\/dt>\n\t\t\t\t<dd class='wp-caption-text gallery-caption' id='gallery-1-354'>\n\t\t\t\tKvassir Emek\n\t\t\t\t<\/dd><\/dl>\n\t\t\t<br style='clear: both' \/>\n\t\t<\/div>\n\n<p>&nbsp;<\/p>\n","protected":false},"excerpt":{"rendered":"<p>&nbsp;<\/p>\n","protected":false},"author":1,"featured_media":0,"parent":0,"menu_order":0,"comment_status":"closed","ping_status":"closed","template":"","meta":{"footnotes":""},"class_list":["post-341","page","type-page","status-publish","hentry"],"_links":{"self":[{"href":"https:\/\/satrancsever.com\/index.php\/wp-json\/wp\/v2\/pages\/341","targetHints":{"allow":["GET"]}}],"collection":[{"href":"https:\/\/satrancsever.com\/index.php\/wp-json\/wp\/v2\/pages"}],"about":[{"href":"https:\/\/satrancsever.com\/index.php\/wp-json\/wp\/v2\/types\/page"}],"author":[{"embeddable":true,"href":"https:\/\/satrancsever.com\/index.php\/wp-json\/wp\/v2\/users\/1"}],"replies":[{"embeddable":true,"href":"https:\/\/satrancsever.com\/index.php\/wp-json\/wp\/v2\/comments?post=341"}],"version-history":[{"count":4,"href":"https:\/\/satrancsever.com\/index.php\/wp-json\/wp\/v2\/pages\/341\/revisions"}],"predecessor-version":[{"id":384,"href":"https:\/\/satrancsever.com\/index.php\/wp-json\/wp\/v2\/pages\/341\/revisions\/384"}],"wp:attachment":[{"href":"https:\/\/satrancsever.com\/index.php\/wp-json\/wp\/v2\/media?parent=341"}],"curies":[{"name":"wp","href":"https:\/\/api.w.org\/{rel}","templated":true}]}}