{"id":248,"date":"2024-04-02T10:05:58","date_gmt":"2024-04-02T10:05:58","guid":{"rendered":"https:\/\/satrancsever.com\/?page_id=248"},"modified":"2024-04-02T11:05:55","modified_gmt":"2024-04-02T11:05:55","slug":"deprem-rehabilitasyon","status":"publish","type":"page","link":"https:\/\/satrancsever.com\/index.php\/deprem-rehabilitasyon\/","title":{"rendered":"DEPREM REHAB\u0130L\u0130TASYON"},"content":{"rendered":"<p>06.02.2023 tarihinde ger\u00e7ekle\u015fen deprem felaketinin ard\u0131ndan \u015eubat ay\u0131 boyunca t\u00fcm faaliyetlerimiz durdurduk ve bu s\u00fcre\u00e7te depremden etkilenen ki\u015filere elimizden geldi\u011fince destek vermeye \u00e7al\u0131\u015ft\u0131k.<\/p>\n<p>Mart ay\u0131ndan itibarense depremden etkilenen \u00e7ocuklar\u0131n rehabilitasyonuna katk\u0131 sa\u011flamak \u00fczere satran\u00e7 bulu\u015fmalar\u0131 d\u00fczenledik.<\/p>\n<p><img fetchpriority=\"high\" decoding=\"async\" src=\"https:\/\/satrancsever.com\/wp-content\/uploads\/2024\/04\/Baharevi2-300x258.jpg\" alt=\"\" width=\"300\" height=\"258\" class=\"alignnone size-medium wp-image-249\" srcset=\"https:\/\/satrancsever.com\/wp-content\/uploads\/2024\/04\/Baharevi2-300x258.jpg 300w, https:\/\/satrancsever.com\/wp-content\/uploads\/2024\/04\/Baharevi2.jpg 527w\" sizes=\"(max-width: 300px) 100vw, 300px\" \/><\/p>\n<p><img decoding=\"async\" src=\"https:\/\/satrancsever.com\/wp-content\/uploads\/2024\/04\/Ada2-300x263.jpg\" alt=\"\" width=\"300\" height=\"263\" class=\"alignnone size-medium wp-image-250\" srcset=\"https:\/\/satrancsever.com\/wp-content\/uploads\/2024\/04\/Ada2-300x263.jpg 300w, https:\/\/satrancsever.com\/wp-content\/uploads\/2024\/04\/Ada2-768x672.jpg 768w, https:\/\/satrancsever.com\/wp-content\/uploads\/2024\/04\/Ada2.jpg 1025w\" sizes=\"(max-width: 300px) 100vw, 300px\" \/><\/p>\n","protected":false},"excerpt":{"rendered":"<p>06.02.2023 tarihinde ger\u00e7ekle\u015fen deprem felaketinin ard\u0131ndan \u015eubat ay\u0131 boyunca t\u00fcm faaliyetlerimiz durdurduk ve bu s\u00fcre\u00e7te depremden etkilenen ki\u015filere elimizden geldi\u011fince destek vermeye \u00e7al\u0131\u015ft\u0131k. Mart ay\u0131ndan itibarense depremden etkilenen \u00e7ocuklar\u0131n rehabilitasyonuna katk\u0131 sa\u011flamak \u00fczere satran\u00e7 bulu\u015fmalar\u0131 d\u00fczenledik.<\/p>\n","protected":false},"author":1,"featured_media":0,"parent":0,"menu_order":0,"comment_status":"closed","ping_status":"closed","template":"","meta":{"footnotes":""},"class_list":["post-248","page","type-page","status-publish","hentry"],"_links":{"self":[{"href":"https:\/\/satrancsever.com\/index.php\/wp-json\/wp\/v2\/pages\/248","targetHints":{"allow":["GET"]}}],"collection":[{"href":"https:\/\/satrancsever.com\/index.php\/wp-json\/wp\/v2\/pages"}],"about":[{"href":"https:\/\/satrancsever.com\/index.php\/wp-json\/wp\/v2\/types\/page"}],"author":[{"embeddable":true,"href":"https:\/\/satrancsever.com\/index.php\/wp-json\/wp\/v2\/users\/1"}],"replies":[{"embeddable":true,"href":"https:\/\/satrancsever.com\/index.php\/wp-json\/wp\/v2\/comments?post=248"}],"version-history":[{"count":2,"href":"https:\/\/satrancsever.com\/index.php\/wp-json\/wp\/v2\/pages\/248\/revisions"}],"predecessor-version":[{"id":292,"href":"https:\/\/satrancsever.com\/index.php\/wp-json\/wp\/v2\/pages\/248\/revisions\/292"}],"wp:attachment":[{"href":"https:\/\/satrancsever.com\/index.php\/wp-json\/wp\/v2\/media?parent=248"}],"curies":[{"name":"wp","href":"https:\/\/api.w.org\/{rel}","templated":true}]}}