{"id":124,"date":"2024-04-01T14:43:56","date_gmt":"2024-04-01T14:43:56","guid":{"rendered":"https:\/\/satrancsever.com\/?page_id=124"},"modified":"2024-12-30T12:56:56","modified_gmt":"2024-12-30T12:56:56","slug":"2022-2","status":"publish","type":"page","link":"https:\/\/satrancsever.com\/index.php\/2022-2\/","title":{"rendered":"2022"},"content":{"rendered":"<table width=\"712\">\n<tbody>\n<tr>\n<td width=\"168\">Turnuva<\/td>\n<td width=\"71\">Tarih<\/td>\n<td width=\"145\">1.<\/td>\n<td width=\"172\">2.<\/td>\n<td width=\"156\">3.<\/td>\n<\/tr>\n<tr>\n<td>Silence<\/td>\n<td>11.01.2022<\/td>\n<td>Mehmet K\u0131z\u0131lkaya<\/td>\n<td>Cumali \u00dcnver<\/td>\n<td>Alperen Telatar<\/td>\n<\/tr>\n<tr>\n<td>Oak Coffee Co.<\/td>\n<td>13.02.2022<\/td>\n<td>Ege Tuna \u00d6ktem<\/td>\n<td>Scott Kanning<\/td>\n<td>Metehan Macit<\/td>\n<\/tr>\n<tr>\n<td>Come.pany<\/td>\n<td>25.02.2022<\/td>\n<td>Mehmet K\u0131z\u0131lkaya<\/td>\n<td>Cumali \u00dcnver<\/td>\n<td>Cem Karada\u011f<\/td>\n<\/tr>\n<tr>\n<td>Kebike\u00e7<\/td>\n<td>12.03.2022<\/td>\n<td>Avni Katipo\u011flu<\/td>\n<td>Bedirhan Dilen<\/td>\n<td>Habib Bak\u0131r<\/td>\n<\/tr>\n<tr>\n<td>Oak Coffee Co.<\/td>\n<td>3.04.2022<\/td>\n<td>G\u00f6ksel Y\u0131ld\u0131zak<\/td>\n<td>An\u0131l Tatar<\/td>\n<td>Scott Kanning<\/td>\n<\/tr>\n<tr>\n<td>Karga\/\u015eanl\u0131urfa<\/td>\n<td>23.04.2022<\/td>\n<td>Ayhan Alpaslan<\/td>\n<td>Bahtiyar Bayram<\/td>\n<td>Berkant Mermerdas<\/td>\n<\/tr>\n<tr>\n<td rowspan=\"2\">Couple \u00c7iftler<\/td>\n<td rowspan=\"2\">24.04.2022<\/td>\n<td>Bedirhan Dilen<\/td>\n<td>Mehmet Kutluhan Kapmaz<\/td>\n<td>Mustafa Kupik<\/td>\n<\/tr>\n<tr>\n<td>Mert Karak\u00f6se<\/td>\n<td>Mehmet Ali Kara\u015feyho<\/td>\n<td>Mert Baysan<\/td>\n<\/tr>\n<tr>\n<td>Kaila<\/td>\n<td>15.05.2022<\/td>\n<td>H\u00fcseyin Gedizli<\/td>\n<td>Habib Bak\u0131r<\/td>\n<td>Mert Baysan<\/td>\n<\/tr>\n<tr>\n<td rowspan=\"2\">Couple \u00c7iftler<\/td>\n<td rowspan=\"2\">24.04.2022<\/td>\n<td width=\"145\">Ali Can Akda\u011f<\/td>\n<td width=\"172\">Ula\u015f Demir<\/td>\n<td width=\"156\">Adem Ta\u015fdemir<\/td>\n<\/tr>\n<tr>\n<td width=\"145\">Bu\u011frahan Bayram<\/td>\n<td width=\"172\">Kerem Derdiyok<\/td>\n<td width=\"156\">Mustafa K\u0131rcal\u0131<\/td>\n<\/tr>\n<tr>\n<td>BooksandCoffee\/\u0130stanbul<\/td>\n<td>22.05.2022<\/td>\n<td>Mehmet Sakall\u0131o\u011flu<\/td>\n<td>Barkay \u00dcst\u00fcnba\u015f<\/td>\n<td>Yusuf Silgu<\/td>\n<\/tr>\n<tr>\n<td>Sapiens<\/td>\n<td>27.05.2022<\/td>\n<td>Mehmet K\u0131z\u0131lkaya<\/td>\n<td>Cumali \u00dcnver<\/td>\n<td>Onuralp G\u00f6rmez<\/td>\n<\/tr>\n<tr>\n<td>\u00c7ankaya Baharevi<\/td>\n<td>31.05.2022<\/td>\n<td>Bedirhan Dilen<\/td>\n<td>Mehmet K\u0131z\u0131lkaya<\/td>\n<td>Berke Engin<\/td>\n<\/tr>\n<tr>\n<td>Kaila<\/td>\n<td>12.06.2022<\/td>\n<td>Giorgi Sulukhia<\/td>\n<td>Bu\u011frahan Bayram<\/td>\n<td>Avni Katipo\u011flu<\/td>\n<\/tr>\n<tr>\n<td>Anka\/Rize<\/td>\n<td>12.06.2022<\/td>\n<td>Ahmet Bar\u0131\u015f<\/td>\n<td>Mustafa Furkan<\/td>\n<td>Mehmet Kaan G\u00fcrg\u00fclen<\/td>\n<\/tr>\n<tr>\n<td>Meow<\/td>\n<td>26.06.2022<\/td>\n<td>Esra \u00d6nde\u015f<\/td>\n<td>Esra F\u0131nd\u0131k<\/td>\n<td>Rabia Kabasakal<\/td>\n<\/tr>\n<tr>\n<td>Nous&#8217;n Soul<\/td>\n<td>14.07.2022<\/td>\n<td>Mehmet Canay Ceneli<\/td>\n<td>Bedirhan Dilen<\/td>\n<td>Ali Can Evren<\/td>\n<\/tr>\n<tr>\n<td>Kvassir<\/td>\n<td>19.07.2022<\/td>\n<td>Muhammed Can Y\u00fccel<\/td>\n<td>Ula\u015f Demir<\/td>\n<td>\u0130hsan Ak\u00e7ay<\/td>\n<\/tr>\n<tr>\n<td>Kaila<\/td>\n<td>21.07.2022<\/td>\n<td>Scott Kanning<\/td>\n<td>Bu\u011frahan Bayram<\/td>\n<td>\u015eafak \u00d6zdeir<\/td>\n<\/tr>\n<tr>\n<td>Oak Coffee Co.<\/td>\n<td>7.08.2022<\/td>\n<td>Scott Kanning<\/td>\n<td>U\u011fur \u00d6zdemir<\/td>\n<td>Tuana Altay<\/td>\n<\/tr>\n<tr>\n<td>Kebike\u00e7 Kitap Kahve<\/td>\n<td>12.08.2022<\/td>\n<td>Baran Erdo\u011fan<\/td>\n<td>Talha Herdem<\/td>\n<td>Alperen Telatar<\/td>\n<\/tr>\n<tr>\n<td>Oak Coffee Co.<\/td>\n<td>18.08.2022<\/td>\n<td>Bu\u011frahan Bayram<\/td>\n<td>Talha Herdem<\/td>\n<td>Bedirhan Dilen<\/td>\n<\/tr>\n<tr>\n<td>Beylerbeyi<\/td>\n<td>24.08.2022<\/td>\n<td>Mehmet K\u0131z\u0131lkaya<\/td>\n<td>Baran Erdo\u011fan<\/td>\n<td>Scott Kanning<\/td>\n<\/tr>\n<tr>\n<td>If Sokak Tunus<\/td>\n<td>11.09.2022<\/td>\n<td>Mehmet K\u0131z\u0131lkaya<\/td>\n<td>Mustafa K\u0131rcal\u0131<\/td>\n<td>Mehmet Canay \u00c7eneli<\/td>\n<\/tr>\n<tr>\n<td>If Sokak \u00c7ayyolu<\/td>\n<td>25.09.2022<\/td>\n<td>Onur G\u00f6r<\/td>\n<td>Korhan K\u0131l\u0131\u00e7<\/td>\n<td>Bedirhan Dilen<\/td>\n<\/tr>\n<tr>\n<td>Lobi<\/td>\n<td>1.10.2022<\/td>\n<td>Umut Topal<\/td>\n<td>\u0130smet Mert Akda\u011f<\/td>\n<td>Burak Ta\u015fdemir<\/td>\n<\/tr>\n<tr>\n<td>Kaila<\/td>\n<td>8.10.2022<\/td>\n<td>Bedirhan Dilen<\/td>\n<td>U\u011fur \u00d6zdemir<\/td>\n<td>\u015eefik Bayhan<\/td>\n<\/tr>\n<tr>\n<td>Oak Coffee Co.<\/td>\n<td>4.11.2022<\/td>\n<td>Bedirhan Dilen<\/td>\n<td>Bu\u011frahan Bayram<\/td>\n<td>Umut Topal<\/td>\n<\/tr>\n<tr>\n<td>Lobi<\/td>\n<td>20.11.2022<\/td>\n<td>Muzaffer Can \u00d6zkan<\/td>\n<td>Taha Can \u00d6zt\u00fcrk<\/td>\n<td>Onuralp G\u00f6rmez<\/td>\n<\/tr>\n<tr>\n<td>If Sokak Tunus<\/td>\n<td>18.12.2022<\/td>\n<td>Ege B\u00fcy\u00fckbayram<\/td>\n<td>Batuhan Bayhan<\/td>\n<td>Taha Can \u00d6zt\u00fcrk<\/td>\n<\/tr>\n<tr>\n<td>If Sokak \u00c7ayyolu<\/td>\n<td>18.12.2022<\/td>\n<td>Bedirhan Dilen<\/td>\n<td>Y\u0131ld\u0131r\u0131m Ak<\/td>\n<td>Mustafa Berk Aslan<\/td>\n<\/tr>\n<tr>\n<td>2022 Finali Oak<\/td>\n<td>25.12.2022<\/td>\n<td>Ege Tuna \u00d6ktem<\/td>\n<td>Cumali \u00dcnver<\/td>\n<td>Mehmet K\u0131z\u0131lkaya<\/td>\n<\/tr>\n<tr>\n<td>Oak Coffee Co.<\/td>\n<td>25.12.2022<\/td>\n<td>Cumali \u00dcnver<\/td>\n<td>Mehmet K\u0131z\u0131lkaya<\/td>\n<td>Mehmet Canay \u00c7eneli<\/td>\n<\/tr>\n<\/tbody>\n<\/table>\n","protected":false},"excerpt":{"rendered":"<p>Turnuva Tarih 1. 2. 3. Silence 11.01.2022 Mehmet K\u0131z\u0131lkaya Cumali \u00dcnver Alperen Telatar Oak Coffee Co. 13.02.2022 Ege Tuna \u00d6ktem Scott Kanning Metehan Macit Come.pany 25.02.2022 Mehmet K\u0131z\u0131lkaya Cumali \u00dcnver Cem Karada\u011f Kebike\u00e7 12.03.2022 Avni Katipo\u011flu Bedirhan Dilen Habib Bak\u0131r Oak Coffee Co. 3.04.2022 G\u00f6ksel Y\u0131ld\u0131zak An\u0131l Tatar Scott Kanning [&hellip;]<\/p>\n","protected":false},"author":1,"featured_media":0,"parent":0,"menu_order":0,"comment_status":"closed","ping_status":"closed","template":"","meta":{"footnotes":""},"class_list":["post-124","page","type-page","status-publish","hentry"],"_links":{"self":[{"href":"https:\/\/satrancsever.com\/index.php\/wp-json\/wp\/v2\/pages\/124","targetHints":{"allow":["GET"]}}],"collection":[{"href":"https:\/\/satrancsever.com\/index.php\/wp-json\/wp\/v2\/pages"}],"about":[{"href":"https:\/\/satrancsever.com\/index.php\/wp-json\/wp\/v2\/types\/page"}],"author":[{"embeddable":true,"href":"https:\/\/satrancsever.com\/index.php\/wp-json\/wp\/v2\/users\/1"}],"replies":[{"embeddable":true,"href":"https:\/\/satrancsever.com\/index.php\/wp-json\/wp\/v2\/comments?post=124"}],"version-history":[{"count":3,"href":"https:\/\/satrancsever.com\/index.php\/wp-json\/wp\/v2\/pages\/124\/revisions"}],"predecessor-version":[{"id":525,"href":"https:\/\/satrancsever.com\/index.php\/wp-json\/wp\/v2\/pages\/124\/revisions\/525"}],"wp:attachment":[{"href":"https:\/\/satrancsever.com\/index.php\/wp-json\/wp\/v2\/media?parent=124"}],"curies":[{"name":"wp","href":"https:\/\/api.w.org\/{rel}","templated":true}]}}