{"id":113,"date":"2024-03-29T10:46:01","date_gmt":"2024-03-29T10:46:01","guid":{"rendered":"https:\/\/satrancsever.com\/?page_id=113"},"modified":"2024-12-30T12:14:17","modified_gmt":"2024-12-30T12:14:17","slug":"2024-finalistler","status":"publish","type":"page","link":"https:\/\/satrancsever.com\/index.php\/2024-finalistler\/","title":{"rendered":"2024"},"content":{"rendered":"<table width=\"747\">\n<tbody>\n<tr>\n<td width=\"143\">Turnuva<\/td>\n<td width=\"153\">Tarih<\/td>\n<td width=\"145\">1<\/td>\n<td width=\"153\">2<\/td>\n<td width=\"153\">3<\/td>\n<\/tr>\n<tr>\n<td>Sapiens<\/td>\n<td>7.01.2024<\/td>\n<td>Cem Karada\u011f<\/td>\n<td>Mehmet Canay Ceneli<\/td>\n<td>Teoman G\u00fcney Ers\u00f6z<\/td>\n<\/tr>\n<tr>\n<td>If Sokak Tunus<\/td>\n<td>21.01.2024<\/td>\n<td>Halit Hanay<\/td>\n<td>Mehmet Canay Ceneli<\/td>\n<td>Aysu Tosun<\/td>\n<\/tr>\n<tr>\n<td>Orenda<\/td>\n<td>24.01.2024<\/td>\n<td>Efe Ergani<\/td>\n<td>Mehmet Canay Ceneli<\/td>\n<td>Tufan Can Uzuner<\/td>\n<\/tr>\n<tr>\n<td>Kvassir<\/td>\n<td>8.02.2024<\/td>\n<td>Talha Herdem<\/td>\n<td>Cumali \u00dcnver<\/td>\n<td>Bilal Berat Ak\u0131n<\/td>\n<\/tr>\n<tr>\n<td>Unite<\/td>\n<td>29.02.2024<\/td>\n<td>Korhan K\u0131l\u0131\u00e7<\/td>\n<td>Umut Topal<\/td>\n<td>Ali K\u0131yak<\/td>\n<\/tr>\n<tr>\n<td>Lobi<\/td>\n<td>17.03.2024<\/td>\n<td>Yi\u011fit Pekta\u015f<\/td>\n<td>Muhittin B\u00fcker<\/td>\n<td>Bu\u011frahan Bayram<\/td>\n<\/tr>\n<tr>\n<td rowspan=\"2\">Zest Tak\u0131m 8+2<\/td>\n<td>18.04.2024<\/td>\n<td>Mehmet Canay \u00c7eneli<\/td>\n<td>Bilgehan Bozkurt<\/td>\n<td>Re\u015fat Kadirli<\/td>\n<\/tr>\n<tr>\n<td>18.04.2024<\/td>\n<td>Semih \u00d6zar<\/td>\n<td>Mehmet K\u0131z\u0131lkaya<\/td>\n<td>Abdullah K\u00fc\u00e7\u00fckkahveci<\/td>\n<\/tr>\n<tr>\n<td>Zest Bireysel 8+2<\/td>\n<td>18.04.2024<\/td>\n<td>Mehmet Canay \u00c7eneli<\/td>\n<td>Re\u015fat Kadirli<\/td>\n<td>Mehmet K\u0131z\u0131lkaya<\/td>\n<\/tr>\n<tr>\n<td>Zest Bireysel 3+2<\/td>\n<td>18.04.2024<\/td>\n<td>Mehmet K\u0131z\u0131lkaya<\/td>\n<td>Tufan Can Uzuner<\/td>\n<td>Mehmet Canay \u00c7eneli<\/td>\n<\/tr>\n<tr>\n<td>Tara\u00e7a 3+2<\/td>\n<td>28.04.2024<\/td>\n<td>Mehmet K\u0131z\u0131lkaya<\/td>\n<td>\u00d6zg\u00fcn Yal\u00e7\u0131n<\/td>\n<td>Cumali \u00dcnver<\/td>\n<\/tr>\n<tr>\n<td>Ayr\u0131kotu Eski\u015fehir 8+2<\/td>\n<td>22.05.2024<\/td>\n<td>Emre \u0130lda\u015fer<\/td>\n<td>G\u00f6khan Do\u011fan<\/td>\n<td>Kaan Ergut<\/td>\n<\/tr>\n<tr>\n<td>Sirius 8+2<\/td>\n<td>29.05.2024<\/td>\n<td>Muhittin B\u00fcker<\/td>\n<td>Tufan Can Uzuner<\/td>\n<td>Mehmet K\u0131z\u0131lkaya<\/td>\n<\/tr>\n<tr>\n<td>Sirius 3+2<\/td>\n<td>29.05.2024<\/td>\n<td>\u00d6zg\u00fcn Yal\u00e7\u0131n<\/td>\n<td>Muhittin B\u00fcker<\/td>\n<td>Tufan Can Uzuner<\/td>\n<\/tr>\n<tr>\n<td>Boutique<\/td>\n<td>11.06.2024<\/td>\n<td>Cumali \u00dcnver<\/td>\n<td>Serb\u00fclent Kurtulu\u015f<\/td>\n<td>Arda Bekta\u015f<\/td>\n<\/tr>\n<tr>\n<td>Unite 5+2<\/td>\n<td>25.06.2024<\/td>\n<td>Teoman G\u00fcney Ers\u00f6z<\/td>\n<td>Zeynep \u00c7ift\u00e7i<\/td>\n<td>Muhittin B\u00fcker<\/td>\n<\/tr>\n<tr>\n<td>Unite 3+2<\/td>\n<td>25.06.2024<\/td>\n<td>Muhittin B\u00fcker<\/td>\n<td>Mustafa Hi\u00e7y\u0131lmaz<\/td>\n<td>Deniz Tekin<\/td>\n<\/tr>\n<tr>\n<td>If Sokak Tunus 3+2<\/td>\n<td>24.07.2024<\/td>\n<td>Muhittin B\u00fcker<\/td>\n<td>Arda Bekta\u015f<\/td>\n<td>Cumali \u00dcnver<\/td>\n<\/tr>\n<tr>\n<td>If Sokak Tunus 2+1<\/td>\n<td>24.07.2024<\/td>\n<td>\u0130brahim Kartal<\/td>\n<td>Arda Bekta\u015f<\/td>\n<td>Alper \u00c7oban<\/td>\n<\/tr>\n<tr>\n<td>Zest 8+2<\/td>\n<td>15.08.2024<\/td>\n<td>Saad Al Jabri<\/td>\n<td>Mustafa K\u0131rcal\u0131<\/td>\n<td>Bu\u011frahan Bayram<\/td>\n<\/tr>\n<tr>\n<td>If Sokak 8+2<\/td>\n<td>25.08.2024<\/td>\n<td>Kuzey Kurty\u0131lmaz<\/td>\n<td>Bedirhan Dilen<\/td>\n<td>Mustafa K\u0131rcal\u0131<\/td>\n<\/tr>\n<tr>\n<td>Oak 8+2<\/td>\n<td>4.10.2024<\/td>\n<td>Halit Hanay<\/td>\n<td>M\u00fcge Malko\u00e7<\/td>\n<td>Mustafa Meri\u00e7 \u015eanl\u0131<\/td>\n<\/tr>\n<tr>\n<td>Unite 8+2<\/td>\n<td>12.10.2024<\/td>\n<td>H\u00fcseyin \u0130lhan<\/td>\n<td>Mehmet K\u0131z\u0131lkaya<\/td>\n<td>S\u00fcleyman Salt\u0131k<\/td>\n<\/tr>\n<tr>\n<td>JUJU FRESH 10+5<\/td>\n<td>24.10.2024<\/td>\n<td>Ege B\u00fcy\u00fckbayram<\/td>\n<td>Serb\u00fclent Kurtulu\u015f<\/td>\n<td>Bu\u011frahan Bayram<\/td>\n<\/tr>\n<tr>\n<td>Ravn 8+0<\/td>\n<td>9.11.2024<\/td>\n<td>Emre Hatibo\u011flu<\/td>\n<td>Mert Ako\u011flu<\/td>\n<td>Aktu\u011f Yald\u0131rbak<\/td>\n<\/tr>\n<tr>\n<td>Lavinnia 10+2<\/td>\n<td>15.11.2024<\/td>\n<td>Serb\u00fclent Kurtulu\u015f<\/td>\n<td>Meri\u00e7 \u00c7elik<\/td>\n<td>Aysu Tosun<\/td>\n<\/tr>\n<tr>\n<td>If Sokak tUNUS 6+2<\/td>\n<td>24.11.2024<\/td>\n<td>\u00d6zg\u00fcr Akman<\/td>\n<td>Muhittin B\u00fcker<\/td>\n<td>Mahir Y\u0131lmaz<\/td>\n<\/tr>\n<tr>\n<td>Gemsart 8+2<\/td>\n<td>27.11.2021<\/td>\n<td>Mert Ako\u011flu<\/td>\n<td>Mehmet K\u0131z\u0131lkaya<\/td>\n<td>Bedirhan Dilen<\/td>\n<\/tr>\n<tr>\n<td>Gemsart 3+2<\/td>\n<td>27.11.2021<\/td>\n<td>Bedirhan Dilen<\/td>\n<td>Mert Ako\u011flu<\/td>\n<td>Mehmet K\u0131z\u0131lkaya<\/td>\n<\/tr>\n<tr>\n<td>Hypatia 10+0<\/td>\n<td>30.11.2024<\/td>\n<td>Baran Erdo\u011fan<\/td>\n<td>Mahir Y\u0131lmaz<\/td>\n<td>\u00a0Muhittin B\u00fcker<\/td>\n<\/tr>\n<tr>\n<td>Gemsart<\/td>\n<td>30.11.2024<\/td>\n<td>Furkan Akal<\/td>\n<td>Ege B\u00fcy\u00fckbayram<\/td>\n<td>Melih Yenig\u00fcn<\/td>\n<\/tr>\n<tr>\n<td>Fanus 8+2<\/td>\n<td>1.12.2024<\/td>\n<td>Ali Onur Durgun<\/td>\n<td>Korhan K\u0131l\u0131\u00e7<\/td>\n<td>Sad\u0131k G\u00fcne\u015f \u00d6zalp<\/td>\n<\/tr>\n<tr>\n<td>If Sokak Tunus 4+2<\/td>\n<td>15.12.2024<\/td>\n<td>Yulya G\u00f6kbulut<\/td>\n<td>Arda Erdo\u011fan<\/td>\n<td>Muhittin B\u00fcker<\/td>\n<\/tr>\n<tr>\n<td>F\u0130NAL<\/td>\n<td>29.12.2024<\/td>\n<td>Baver Y\u0131lmaz<\/td>\n<td>Teoman G\u00fcney Ers\u00f6z<\/td>\n<td>Muhittin B\u00fcker<\/td>\n<\/tr>\n<\/tbody>\n<\/table>\n","protected":false},"excerpt":{"rendered":"<p>Turnuva Tarih 1 2 3 Sapiens 7.01.2024 Cem Karada\u011f Mehmet Canay Ceneli Teoman G\u00fcney Ers\u00f6z If Sokak Tunus 21.01.2024 Halit Hanay Mehmet Canay Ceneli Aysu Tosun Orenda 24.01.2024 Efe Ergani Mehmet Canay Ceneli Tufan Can Uzuner Kvassir 8.02.2024 Talha Herdem Cumali \u00dcnver Bilal Berat Ak\u0131n Unite 29.02.2024 Korhan K\u0131l\u0131\u00e7 Umut [&hellip;]<\/p>\n","protected":false},"author":1,"featured_media":0,"parent":0,"menu_order":0,"comment_status":"closed","ping_status":"closed","template":"","meta":{"footnotes":""},"class_list":["post-113","page","type-page","status-publish","hentry"],"_links":{"self":[{"href":"https:\/\/satrancsever.com\/index.php\/wp-json\/wp\/v2\/pages\/113","targetHints":{"allow":["GET"]}}],"collection":[{"href":"https:\/\/satrancsever.com\/index.php\/wp-json\/wp\/v2\/pages"}],"about":[{"href":"https:\/\/satrancsever.com\/index.php\/wp-json\/wp\/v2\/types\/page"}],"author":[{"embeddable":true,"href":"https:\/\/satrancsever.com\/index.php\/wp-json\/wp\/v2\/users\/1"}],"replies":[{"embeddable":true,"href":"https:\/\/satrancsever.com\/index.php\/wp-json\/wp\/v2\/comments?post=113"}],"version-history":[{"count":19,"href":"https:\/\/satrancsever.com\/index.php\/wp-json\/wp\/v2\/pages\/113\/revisions"}],"predecessor-version":[{"id":518,"href":"https:\/\/satrancsever.com\/index.php\/wp-json\/wp\/v2\/pages\/113\/revisions\/518"}],"wp:attachment":[{"href":"https:\/\/satrancsever.com\/index.php\/wp-json\/wp\/v2\/media?parent=113"}],"curies":[{"name":"wp","href":"https:\/\/api.w.org\/{rel}","templated":true}]}}